List the prime factors of i.
3, 181
Suppose -6*o + 3*o - 5*f = 19, -15 = 3*f. Suppose w = o*w - 13. Suppose w = 2*z + 5. List the prime factors of z.
2
Suppose 84*p = 78*p + 72. Suppose -p*u - 1173 = -13*u. What are the prime factors of -2 + 12/8 - u/(-6)?
3, 5, 13
Let i = -13 - -18. Suppose -h - 5*r + 2 + 26 = 0, -3*h = i*r - 34. Suppose -h*g = 3*g - 312. What are the prime factors of g?
2, 13
Suppose 0 = f - 5 + 9, i = 5*f + 20. Suppose i = -3*b + v - 11, -4 = 4*b - 3*v + 9. What are the prime factors of 124 - (b - (-52)/12)*0?
2, 31
Let r(y) = 6*y - 32. Let u be r(6). Suppose -7*p + 10 = -u. Suppose -2*h + 360 = -4*v, -h - p*v = -v - 180. List the prime factors of h.
2, 3, 5
Let o(p) be the third derivative of -p**6/5 - p**5/30 + p**3/6 - 57*p**2. Suppose 5*n + 5*q + 25 = 0, -2*q + 0 = -2*n + 6. List the prime factors of o(n).
23
Suppose 0 = 19*n + 165 + 25. List the prime factors of (-1515)/(-202)*(-2112)/n.
2, 3, 11
Suppose -3*f = r - 13, -2*r - r = -f + 11. Let w be 0/(-7) + -2 + f. Suppose -g + 2*z = -204, w*g = 15*z - 10*z + 611. List the prime factors of g.
2, 101
Suppose 7 + 8 = 5*q. Suppose -4*z = 4*f - 1612, 4*z - 2*z - 398 = -f. Suppose 4*m - f = -5*r, q*m - r + 1 = 288. List the prime factors of m.
97
Suppose -9*i + 15*i = 0. Suppose i = 31*f - 1763 - 1182. What are the prime factors of f?
5, 19
Let m be 1 + -1 + (9 - -2). Let h = -103 + 105. Suppose -a = -h*a + m. What are the prime factors of a?
11
Suppose -t + 7244 = 2*u, u - 3615 = 3*t - 0*t. What are the prime factors of u?
3, 17, 71
What are the prime factors of ((-21785)/(-20))/(1/12)?
3, 4357
Let l = -4500 - -9199. List the prime factors of l.
37, 127
Let y be -2 - (-7 + 0 + 0). Suppose -y*h = 441 - 81. Let i = h - -127. List the prime factors of i.
5, 11
Suppose -8*o = 388 + 2476. List the prime factors of (5/(10/o))/(-1).
179
Let k(n) = 2*n**3 - 13*n**2 + 3*n - 8. Let w be k(7). Suppose w + 12 = 2*i. List the prime factors of i.
37
Suppose 2*w - 2*x - 11876 = 0, -3*w + w = -5*x - 11882. Suppose 0 = r + 13*r - w. What are the prime factors of r?
2, 53
Suppose -3*o + 9 = 6. List the prime factors of (16/6)/(0 - o/(-126)).
2, 3, 7
Let d = 80 + -70. Suppose 4*p - d = -n + 3*p, -15 = -3*p. Suppose n*y - 811 = -4*l, l + 5*y = 4*l - 617. What are the prime factors of l?
2, 3, 17
Let i be -1 - -3 - (-20 - -22). Suppose -2*g - g + 4*p + 1595 = i, -1064 = -2*g + 2*p. List the prime factors of g.
13, 41
Suppose 0*s - 10*s + 620 = 0. Suppose -4*y + 64 = 2*g, 0 = 9*y - 6*y + 5*g - s. Suppose -y*u + 10*u + 192 = 0. List the prime factors of u.
2, 3
Suppose 0 = -23*g + 16252 + 13579. List the prime factors of g.
1297
Let k = -10410 - -17318. What are the prime factors of k?
2, 11, 157
Let x be 5 + (-1 - 2) - -26. Suppose 12*k - x = 5*k. List the prime factors of k - 18*(-8 + 3).
2, 47
Let n(q) = 3237*q**2 - 387*q + 1565. List the prime factors of n(4).
103, 503
Let u(j) = 30*j**2 - 79*j - 1045. What are the prime factors of u(-12)?
41, 103
Let q(o) = o. Let n be q(0). Suppose n = -5*m - 3*v + 2515, -30*m + 25*m = 4*v - 2510. What are the prime factors of m?
2, 11, 23
List the prime factors of (645743/(-56))/(-29)*8.
3181
List the prime factors of (-42382)/(-8) + 16 + (-882)/56.
2, 3, 883
Let x = -2013 - -6940. List the prime factors of x.
13, 379
Let i be 23/5 - 1/(15/(-6)). Suppose 0 = q + 3*g + 10, q - 18 = 2*q + i*g. Suppose 3*j + q*p = 3*p + 209, -j = -4*p - 55. What are the prime factors of j?
71
Let v(o) = 12*o**3 + 2*o**2 - 5*o + 17. Let k be v(3). Let t = k - 156. List the prime factors of t.
2, 47
Suppose 48*h + 59*h + 310552 = 129*h. What are the prime factors of h?
2, 3529
Let b(l) = -17700*l - 15. List the prime factors of b(-1).
3, 5, 131
Let o = -269 - -280. Suppose 736 + 6788 = o*r. List the prime factors of r.
2, 3, 19
Suppose 0 = -21*i + 328239 + 546852. List the prime factors of i.
7, 5953
Let i(a) = a**2 - 6*a - 12. Let r = 60 + -52. Let m be i(r). Suppose 3*u = q + 234, -4*u = -2*q + m*q - 302. List the prime factors of u.
7, 11
Let h(s) = 49*s + 11. Let o(b) = -50*b - 14. Let v(l) = 6*h(l) + 5*o(l). List the prime factors of v(1).
2, 5
Let h be (2378/6)/(1/30) - 4. Suppose 4110 - h = -2*u. Suppose u = -d + 19*d. List the prime factors of d.
2, 3
Suppose -18*j = -166081 - 38453. What are the prime factors of j?
11, 1033
Let w(p) = -43*p**2 - 301*p. Let i be w(-7). Suppose -5*r + n + 4747 = i, -5*r + 2*r + 2*n + 2844 = 0. List the prime factors of r.
2, 5, 19
Suppose 2*m - 27781 = b, 4*m + 2*b - 59692 = -4126. List the prime factors of m.
29, 479
Let d(y) = -167*y**3 + 49*y**2 + 315*y + 51. What are the prime factors of d(-8)?
86171
Let o(z) = 165*z - 27. Let l(v) = -3. Let y(j) = 5*l(j) - o(j). What are the prime factors of y(-4)?
2, 3, 7
Let t = 69208 - 23781. What are the prime factors of t?
45427
Suppose 1100758 = -173*m + 4726146. List the prime factors of m.
2, 13, 31
List the prime factors of (18/(-12))/((-93)/192014).
19, 163
Let b be -2 - 0 - (12 - (9 + -4)). Let i be (-8)/12 - 1788/b. Let l = 284 - i. List the prime factors of l.
2, 43
Suppose 5*k + 1606 = 6361. Suppose 5*n + 2*c - 354 - 1231 = 0, -c + k = 3*n. What are the prime factors of n?
317
Let i(w) = -37*w - 29. Let h be i(-2). List the prime factors of 2/10*1 - (-14931)/h.
2, 83
Let f(j) = -j - 10. Let r be f(-18). Suppose 4*m - 8 - r = 0. Suppose -2*n + 4*v + 252 = 0, -5*v = m*n - 0*v - 465. What are the prime factors of n?
2, 3, 5
Let j be 13/52 - 3977/4. Let x = j + 1522. What are the prime factors of x?
2, 3, 11
Let h be ((-872)/24)/((-4)/12). Suppose -3*o + 4*k + 197 = -124, 2*k = o - h. What are the prime factors of o?
103
Suppose -5*g - 2012 = 5*z - 302, -4*g = -4*z - 1384. Let b = -145 - z. What are the prime factors of b?
199
Let g be (5 + -2)*(1 - 0). Suppose 0 = -3*w - 12, 5*w = -g*y + 6*w + 1492. List the prime factors of y.
2, 31
Let x(g) = -44*g - 37*g - 53 - 35*g - 3. Let b be x(-6). Suppose 0 = -9*w + 1043 + b. List the prime factors of w.
11, 17
List the prime factors of (-12)/32 - (-47121825)/920.
3, 7, 271
Suppose -6264 = -3*c + 8622. List the prime factors of c.
2, 3, 827
Let w = 1392 - 967. What are the prime factors of w - (-4 + 5/(5/8))?
421
Let y(l) = l**3 - 25*l**2 + 86*l - 47. Let j be y(21). List the prime factors of (-3213)/(-18)*j/((-60)/32).
2, 7, 17
Suppose -265614 = -44*v - 5204 + 3383318. What are the prime factors of v?
2, 3, 67, 103
Let c(o) = o**3 - 4*o**2 + 8*o - 7. Let p(j) = j**3 - 6*j**2 - 12*j + 37. Let m be p(7). Let n be c(m). What are the prime factors of 1851/9 + (-1)/(-3)*n?
2, 103
Let r = 190 + -190. Suppose 3*y - 5*y + 948 = r. List the prime factors of y.
2, 3, 79
Let k(h) = h**2 - 6*h + 13. Let v be k(7). Suppose v*l - 4*l - 1776 = 0. List the prime factors of l.
3, 37
Let j(h) = 5103*h - 2. Let n be j(1). Let x = n - 2917. Suppose x = -8*w + 20*w. What are the prime factors of w?
2, 7, 13
List the prime factors of ((-136647)/18 + 2)/(2*3/(-12)).
43, 353
Let i be (-1 - -5)*((-3)/2 - -2). Suppose 3*k + i*k = 2650. What are the prime factors of k?
2, 5, 53
Suppose -5*k + 2970 = -2*z, -1188 = -2*k + 4*z - 0*z. Suppose k*r - 598*r + 1880 = 0. List the prime factors of r.
2, 5, 47
Let a be (50/4)/(5/70*7). Suppose 7*y = 8*y + x - 214, 0 = -5*x - a. Suppose -2*w + 105 = -y. What are the prime factors of w?
2, 3
Let l be ((-9)/(-12))/((-2)/(-8)). Suppose -l*s + 8 = s. Suppose -s*y = -4*a - 32, -3*y - y + 49 = -5*a. List the prime factors of y.
2, 3
Let h(k) = 5*k**2 + 55*k + 1372. What are the prime factors of h(52)?
2, 7, 317
Suppose 2*g - 4*o + 4 = -0, 5*g - 5*o + 5 = 0. Suppose i - 2*k = 2*k + 159, g = -i + 2*k + 161. List the prime factors of i.
163
Let w(a) = 7*a + 18. Let s be w(-2). Suppose 2*r - s*v = v + 3091, 2*r + v - 3073 = 0. What are the prime factors of r?
2, 769
Suppose -23142 = -5*p - 3*m, -260*p + m = -257*p - 13902. What are the prime factors of p?
2, 3, 193
What are the prime factors of (-93)/(-217) + -2 + 137688/21?
3, 5, 19, 23
Suppose 4*b - a - a - 1616 = 0, 2*b - 5*a - 808 = 0. Suppose 6*d - 8*d = -b. Suppose 0 = -3*f + d + 41. What are the prime factors of f?
3
Suppose -58*w = -56*w + 4, 0 = -x + 2*w + 12903. What are the prime factors of x?
12899
Suppose 4619937 - 246564 - 64341 = 156*k. List the prime factors of k.
2, 7, 19